digit of j?
8
Let k = -2232 + 4214. What is the thousands digit of k?
1
Let y = -1925 - -4169. Suppose -m - 2*l + 1112 = 3*l, -2*m + y = 5*l. What is the tens digit of m?
3
Suppose 4*i = -125 + 373. Let c(z) = 17*z + 278. Let l be c(-5). Let s = l - i. What is the hundreds digit of s?
1
Suppose 3 + 9 = -3*k, 0 = 2*c + 2*k - 2626. Suppose 12*a = c + 147. What is the hundreds digit of a?
1
Let k = 72961 - 51970. What is the ten thousands digit of k?
2
Suppose -24*w + 3408 = -18*w. Suppose -2*q + 2*v + 33 = 13, 3*v - 18 = -3*q. Suppose -q*i + w = -0*i. What is the tens digit of i?
7
Let a = 519 - 519. Suppose f - h - 610 = a, -1103 = -2*f - h + 123. What is the hundreds digit of f?
6
Suppose -4*k = -3*a + 6, 4*a - 5*k + 7*k - 30 = 0. What is the hundreds digit of -5004*(51/9 - a)?
6
Let l = 54 + -68. What is the hundreds digit of (-6592)/(-7) - (0 + 4/l)?
9
Suppose -2*m = -g - 15338, 0 = -5*m + g + 36511 + 1840. What is the hundreds digit of m?
6
Let x = -178 + 182. Suppose 2*u + 1173 = 3*l + x*u, -2*l + 790 = 4*u. What is the hundreds digit of l?
3
Suppose 16*i + 448854 = 76*i - 437286. What is the tens digit of i?
6
Suppose 5*a - a = -0*a. Suppose 0 = -3*l - i + 56, a = -4*l - 2*i - 0*i + 72. Let b = 80 - l. What is the tens digit of b?
6
Suppose -u - 5 = 0, 0 = -0*i + 5*i - 3*u - 15. Suppose -11*d + 1800 + 1115 = i. What is the hundreds digit of d?
2
Suppose 5*p + 84218 = 3*c, 40*c - 56150 = 38*c + 4*p. What is the tens digit of c?
6
Suppose 0 = -27*r + 53*r - 1025411 - 455211. What is the tens digit of r?
4
Let s(r) = r**2 - 4*r + 388. Let q be s(0). Suppose 0 = -3*w + 3*a + 1104, -3*a - q = -w - 6*a. What is the hundreds digit of w?
3
Let w be (1104/64 + -16)/(2/(-96)). What is the units digit of (20/(-12))/(w/38664)?
4
Let i = -389 + 458. Let c = i - -133. What is the units digit of c?
2
Let j(v) = -v**3 - 14*v**2 - 2*v - 23. Let l be j(-14). Suppose -271 = 3*r + z, -2*r + l*z - 222 = -47. Let m = 7 - r. What is the units digit of m?
7
Let g be -4 + 4/(-14) + 7096/(-56). Let z = 29 + -241. Let v = g - z. What is the units digit of v?
1
Let p(f) = -6*f - 30. Let o(i) = -3*i**2 + 12*i. Let c = 10 - 5. Let y be o(c). What is the units digit of p(y)?
0
Suppose -2*r = -3*h - 447, 4*h - 422 - 661 = -5*r. Let x = 11 - 7. Suppose r = x*u - 205. What is the units digit of u?
6
Let h(p) = 233*p**2 - 22*p - 89. What is the units digit of h(-6)?
1
Let d = 887 - -10. Let j = 1502 - d. What is the units digit of j?
5
Let f(i) be the second derivative of i**4/6 - 5*i**3/3 + 21*i**2/2 + 19*i. Let c be f(4). Suppose c*h - 2558 = -374. What is the hundreds digit of h?
1
Suppose -l = -9*l + 50336. What is the hundreds digit of (-10)/(-6) - 2 - l/(-39)?
1
Let v = -943 - -1536. What is the hundreds digit of v?
5
Suppose -3 = -35*j + 32*j. Let s(w) = 14*w - 4. Let c be s(j). What is the tens digit of 45/c*-20*(-1)/1?
9
Let t = -31117 + 56884. What is the tens digit of t?
6
Suppose -4*j + 722 + 802 = 0. Let l be 153/6*-20*2/(-4). Suppose -j = -4*h + l. What is the units digit of h?
9
Suppose -27*d + 244483 = -11*d - 303693. What is the units digit of d?
1
Let t(h) = 2*h**2 - 13*h + 12. Let i be t(6). Let p = 14 - i. Let u(r) = r**2 + 18*r - 9. What is the tens digit of u(p)?
9
Let h = -67782 - -113394. What is the ten thousands digit of h?
4
Let h(b) be the first derivative of 3*b**5/20 + b**4/6 - 10*b**3/3 - b**2 - 1. Let r(p) be the second derivative of h(p). What is the units digit of r(4)?
0
Let i(c) = 34*c**2 - 48*c + 193. What is the tens digit of i(25)?
4
Let c = -19 - -28. Suppose -8*s + 51 = -c*s. Let p = s - -240. What is the tens digit of p?
8
Suppose 11437 = -8*q - 3779. Let t = -1036 - q. What is the units digit of t?
6
What is the thousands digit of ((-52958)/(-60) - (-42)/(-315))*(10 - 0)?
8
Let a be ((1 - -20)/7)/((-2)/(-2)). Suppose 0 = a*u + 15, 4*k - 557 = 5*u + 308. What is the hundreds digit of k?
2
Let c be (-174)/((3/8)/(2/(-8))). Suppose -2*r - 5*i + 129 = 0, 2*r + i - 1 = c. Let z = r + 106. What is the units digit of z?
3
Suppose 2*z - 32496 = 5*l, 2524*z + 65022 = 2528*z - 5*l. What is the tens digit of z?
6
Let r be ((-645)/(-10))/(2/12). Let g = 633 - r. Let j = g - 162. What is the tens digit of j?
8
Let z(p) = -111*p**3 - 2*p - 1. Let c be z(-1). Let d be 201/(-6) - 17/34. Let f = d + c. What is the units digit of f?
8
Let b be (122 + 0)/(5 - 3). Suppose -5*q = a - 6349, q - a - b = 1204. What is the thousands digit of q?
1
Suppose 5*j = 5 + 15. Suppose 7*i - 126 = j*i. Suppose 3*a = 207 + i. What is the units digit of a?
3
Let d(i) = i**2 - 7*i + 8. Let l be d(6). Suppose 4*c = -3*w + 25, 3*w - 4*c = 43 + 22. Let m = l + w. What is the tens digit of m?
1
Suppose -13*o - 12*o + 562475 = 0. What is the thousands digit of o?
2
Let g(a) = -13*a + 45. Suppose 7*u + 10 = 143. Let v be g(u). Let o = v - -285. What is the units digit of o?
3
Suppose 20*g + 20843 - 293116 = 115507. What is the ten thousands digit of g?
1
Suppose 6 = 3*k - 6. Suppose -3*c = -2*u - 8, -2*c + 4 = c - k*u. Suppose 0*t - 164 = -2*t + 4*o, -c*o + 12 = 0. What is the units digit of t?
8
Let y = 96221 + -57566. What is the ten thousands digit of y?
3
Let g be -155*(-3)/15 - -5. What is the hundreds digit of (6/(g/6))/((-2)/(-3110))?
5
Suppose -141*l - 8*l + 1027653 = 0. What is the hundreds digit of l?
8
Let i(v) be the first derivative of -47*v**4/4 + v**3/3 + v**2 + 4*v + 16. What is the hundreds digit of i(-2)?
3
Let h = 1658 + 23811. What is the ten thousands digit of h?
2
Let b be (3 - (0 - 1)) + -8. Let s(h) = -20*h**3 - h**2 + 5*h + 14. What is the hundreds digit of s(b)?
2
Let z = -3270 - -5316. Suppose -4*q + o + 2045 = 0, 0*o = -4*q + 2*o + z. Let j = -304 + q. What is the units digit of j?
7
Let c(d) = -2*d**3 + 22*d**2 + 33*d + 79. What is the hundreds digit of c(-14)?
4
Suppose 5*x = 16*x - 4*x - 32368. What is the thousands digit of x?
4
Suppose 0*w + 5*w + 495 = 0. Let z be ((-18)/27)/(2/w). Let c = 138 - z. What is the units digit of c?
5
Let k(r) = 19*r**2 + 13*r - 1. Let t be k(-1). What is the hundreds digit of (5/t)/(2/(594*1))?
2
Let p(k) = -3*k**3 - 4*k**2 - 5*k + 8. Let l be p(-3). Suppose 4*b - l = -2*v + 178, -4*v - 264 = -4*b. What is the tens digit of b?
6
Suppose 27 = -23*b - 19. What is the units digit of (-12)/(-2) + b + 1261?
5
Let t = -1471 - -1473. Suppose 0*z - 4*r = -3*z - 34, 3*z + 4*r + 26 = 0. What is the units digit of t/z + 3186/30?
6
Let i be 3891/6 + (-3 - (-20)/8). What is the units digit of ((-4)/12)/((-4)/i)?
4
Let m(q) = -q**3 + 3*q**2 + 17*q. Let p be m(-3). Suppose -4232 = -5*w - p*r, r = 4*w - 2*r - 3364. What is the tens digit of w?
4
Suppose y - 3*m + 24 - 1954 = 0, 3*m + 9626 = 5*y. What is the tens digit of y?
2
Suppose 10*w + 9 = 11*w + 5*t, 0 = w - 5*t + 1. What is the hundreds digit of w/(-14) - 1322*12/(-56)?
2
Let r(w) = 13*w + 118. Let c be r(-13). What is the hundreds digit of c/34*(-922)/3?
4
Let y(r) = -r + 2. Let q(u) = 3*u**2 - 29*u - 22. Let o(b) = q(b) - 4*y(b). What is the tens digit of o(17)?
1
Let c = 6138 - 1961. Suppose c = -15*i + 10567. What is the units digit of i?
6
Suppose 5*r - 5*i = 625, -6*i - 499 = -4*r - i. What is the hundreds digit of r/(-21)*3/(6/(-109))?
3
Let g be 1*(5 - (7 - 7)). Suppose -3*m = 4*u - 358, 0*u + 322 = 3*m - g*u. What is the tens digit of m?
1
What is the thousands digit of ((-35495 - -3) + -6)/(-2)?
7
Suppose 0 = 2*y - 291 - 317. Suppose 192 = c - y. What is the tens digit of c?
9
Let b be (-19 - -18)/((-2)/1792). Suppose s - 5*s = -b. What is the tens digit of -4 - s/(12/(-3))?
5
Let d(z) = 3193*z - 1187. What is the tens digit of d(16)?
0
Let o = -66 + 124. Let k = o + -52. What is the tens digit of 106 + (-3)/(k/2)?
0
Let t be (5065/10 + 1)*(-108)/45. What is the units digit of t/(-15)*(7 + (3 - 5))?
6
Suppose 78518 = 16*y - 49962. What is the thousands digit of y?
8
Let g = -4409 - -6699. What is the units digit of g?
0
Let x(w) be the first derivative of -67*w**2 - 227*w - 82. What is the tens digit of x(-6)?
7
Let b = -235 - -243. What is the tens digit of (-16)/b*(3 + -112)?
1
Suppose 275 = -5*c + 2*w, -c - 3*c + 5*w - 203 = 0. Let r = -262 + 382. Let u = c + r. What is the tens digit of u?
6
Let n = -79 + 83. Suppose -3*d = -2*o - 16, -5*d + n*o = -32